s divided by 706?
34
What is the remainder when 263 is divided by ((-24)/(-15))/((-4)/(-110))?
43
Calculate the remainder when 302 is divided by (616/140)/(-22) - 22*(-23)/5.
100
Suppose -122*y = -45*y - 24*y - 1166. What is the remainder when 1780 is divided by y?
20
Let c(q) = q**3 + q**2 + 16*q - 30. Calculate the remainder when 120 is divided by c(2).
8
Suppose -4*v + 2594 = 238*y - 235*y, -25 = -5*v. What is the remainder when 1723 is divided by y?
7
Let v be -9*7/(21/(-2)). Let i(n) = 17*n**2 - 26 - 5*n**3 + v*n**3 - 22*n + 2*n + 4. Calculate the remainder when 25 is divided by i(-18).
11
Calculate the remainder when 40384/68 + 1 + 120/(-136) is divided by 46.
42
Let y = -3 - -3. Let z(l) be the second derivative of -l**3/6 + 19*l**2/2 - 16*l. Calculate the remainder when 36 is divided by z(y).
17
Suppose x - 3*i - 65 = 0, -5*x - 61*i + 281 = -65*i. Calculate the remainder when (-4)/10 - (-2104)/10 is divided by x.
51
Let s(p) = p**3 - 14*p**2 + 14*p + 109. Calculate the remainder when 370 is divided by s(13).
4
Let l(c) = -26. Let z(t) = 26. Let y(n) = 6*l(n) + 5*z(n). Let q(j) = j. Let s(f) = -3*q(f) + y(f). Calculate the remainder when 75 is divided by s(-13).
10
Suppose 0 = -2*s - 3*s - 3*h + 25, -31 = -3*s - 5*h. Suppose -x = -54 - s. Suppose 100*n - 98*n - 330 = 0. Calculate the remainder when n is divided by x.
53
Suppose i + 0*i = 20. Suppose 30*f - 2 = 173 + 275. Calculate the remainder when i is divided by f.
5
Let c(q) = -q**3 - q**2 + 3*q + 7. Let b be c(-2). Suppose -4*t + 95 = 3*j, b*t + 3*j - 114 = 7. Calculate the remainder when 99 is divided by t.
21
Suppose -22*h = -1712 - 26. Let q = 151 - 126. What is the remainder when h is divided by q?
4
Suppose -4*r + 54 = -2*f, 5*r = -204*f + 203*f + 92. Let w(a) = -a**3 - 5*a**2 + 2*a + 7. What is the remainder when w(-6) is divided by r?
14
Suppose 5*y + p = -1363, -5*y + 5*p - 1214 = 131. Let s = y + 277. What is the remainder when 68 is divided by s?
3
Let m = -6270 + 6391. What is the remainder when 2177 is divided by m?
120
Calculate the remainder when 2649 is divided by -10*-245*(-10)/250*-9.
3
Let x = -80 + 102. Suppose -1639 = -x*a + 1639. What is the remainder when a is divided by 17?
13
Suppose -2*c + 35 = 3*k, 19 + 35 = 4*k - c. Suppose 0*z - z = 5*s + 18, -2*z = -2*s. Let o = s + k. Calculate the remainder when 37 is divided by o.
7
Calculate the remainder when 48 is divided by 6077/177 - 2/6.
14
Suppose -r = -4*h - 1, -6*r - 2*h + 93 = -r. Let u be 2/(-5) - r/(-5). Calculate the remainder when 125 is divided by (-4 - (-15)/u)*1*9.
8
What is the remainder when -7 + (-239607)/316*8/(-6) is divided by 16?
12
Let g(a) = -a**3 - 5*a**2 + 5*a. Let c be (0/(-10 + 5))/(-2). Suppose 0 = x - 3*x - 5*q + 15, 3*q + 9 = c. Calculate the remainder when x is divided by g(-6).
3
Let f(u) = -u**3 + 10*u**2 + 13*u + 8. Let q = 66 + -55. Let d = 18 - 2. Calculate the remainder when f(q) is divided by d.
14
Suppose 685 + 2045 = -7*l. Suppose -4*j - 93 = -325. Calculate the remainder when j is divided by (8/(-3))/(52/l).
18
Calculate the remainder when -1 - (-8 - (15 + 5735)) is divided by 24.
21
Let f = -22 + 38. Let g(q) = -7*q**2 + 18*q**2 + 4 - 17*q - q**3 - 16. Calculate the remainder when g(8) is divided by f.
12
Suppose -11*t + 2*t - 36 = 0. Let c be 5 + t - (-28 - -3). Let a = 49 - c. Calculate the remainder when a is divided by 13.
10
Let l(u) = -3*u - 138. Let g(r) = r**3 - 11*r**2 - 13*r + 90. Let x be g(11). Calculate the remainder when 396 is divided by l(x).
18
Let s(l) = 3*l**2 - l - 2. Suppose 16 = 5*g + 6. Suppose 718 = 38*u - 596 + 136. What is the remainder when u is divided by s(g)?
7
Suppose 0 = 2*g + 5*u - 677, 28*g - 644 = 26*g + 6*u. Calculate the remainder when g is divided by 24.
19
Let q = -764 - -775. What is the remainder when 901 is divided by q?
10
Let r(t) = 3*t + 17. Let u be r(-6). What is the remainder when (0 - 5 - -102)/(u - -2) is divided by 26?
19
Let v be (60/150)/(1/(-145)). Calculate the remainder when 87/v - 978/(-4) is divided by 49.
47
Suppose 4*x - 63 - 53 - 64 = 0. What is the remainder when 179 is divided by x?
44
Let q(r) = -47*r - 28. Calculate the remainder when q(-6) is divided by (-6)/9*3*(-153)/6.
50
Let v(x) = 5*x**3 - 19*x**2 + 99*x - 126. Calculate the remainder when 14794 is divided by v(2).
34
Let q(s) = 2*s**3 + 7*s - 5. Suppose -36 = -30*b + 28*b - 2*a, 52 = 3*b + a. What is the remainder when q(4) is divided by b?
15
Suppose 176*z = 142*z + 19016 + 27020. What is the remainder when z is divided by 207?
112
Suppose 407*y - 209*y + 5635 = 221*y. What is the remainder when y is divided by 116?
13
Let b = 9179 + -8592. What is the remainder when b is divided by 18?
11
Suppose 680 = 3*u - 5*l, -918 = -253*u + 249*u + l. What is the remainder when 8509 is divided by u?
229
Suppose 3*t - 96 = 4*k, 104*t = 100*t + 2*k + 148. Let c = -23 + 38. What is the remainder when t is divided by c?
10
Suppose -4*l - 3 = 5*n - 9, 0 = -2*l + 5*n + 18. Suppose 3*a - 96 - 54 = 0. Suppose l*u - 9*u + a = 0. Calculate the remainder when 19 is divided by u.
9
Suppose -1 = -m + 3*r, -20*r = 2*m - 18*r - 42. What is the remainder when 1419 is divided by m?
11
Let r = -33 + 90. Let h be ((-4)/6)/((-1)/r*1). Let q = h - 29. What is the remainder when q is divided by 2?
1
Suppose -372 = -16*z + 14*z - 2*y, 3*z - 4*y = 579. Calculate the remainder when z is divided by 88.
13
Let d(o) = -o**2 + 17*o + 55. What is the remainder when (77 - 218)/(6/(-2)) is divided by d(19)?
13
Suppose 2*n - 7 = t, -2*t - 4 = -0*n - 2*n. Suppose -11*w - w + 60 = 0. Suppose -962 = -w*a - 21*a. What is the remainder when a is divided by n?
2
Let m = 514 + -520. Let l(q) = -q**3 + 8*q + 26. What is the remainder when l(m) is divided by 9?
5
Let s be (-1)/(-4)*0*(-1)/6. Let o = s + 10. Suppose 11*g - o*g = 14. What is the remainder when g is divided by 4?
2
Let s = -20520 - -20847. Calculate the remainder when s is divided by 42.
33
Let r(s) = 10*s - 7. Suppose 2*v - 5*w + 5 + 16 = 0, -4*v + 3*w - 7 = 0. Calculate the remainder when 34 is divided by r(v).
8
Let t = -448 + 473. Calculate the remainder when t is divided by 16.
9
Suppose -5*m - 783 = -2*l, 3*l - 283 = 3*m + 194. Let f = -77 - m. What is the remainder when f is divided by (-2)/8 + 243/12?
18
Suppose -9 + 29 = 5*n. Let l(s) = s**2 + 9*s - 6. Let w(j) = 2*j**2 + 10*j - 6. Let z(r) = -3*l(r) + 2*w(r). Calculate the remainder when z(7) is divided by n.
2
Suppose 3*p = -10*l + 15*l - 194, -2*p - 43 = -l. Calculate the remainder when 1810 is divided by l.
34
Suppose 480*o - 478*o - v - 34 = 0, -40 = -5*v. What is the remainder when 6063 is divided by o?
15
Let l(k) = 76*k**2 - 225*k. Let t = 97 - 28. Calculate the remainder when t is divided by l(3).
6
Suppose -16*z + 19*z = 1305. Suppose -q = q - 5*l - 145, 5*q + 2*l = z. Calculate the remainder when q is divided by 192/9 - (-8)/12.
19
Let p(b) = 6*b**3 + 2*b**2 - 3*b + 3. Let m = -928 + 947. What is the remainder when p(2) is divided by m?
15
Suppose 3*i = 4*d - 4759, 43*d - 38*d + 5*i = 5940. Calculate the remainder when d is divided by 17.
16
Let n(y) = -2*y**2 - 5*y + 4. Let b be n(-4). Let p be (b/(-8))/(1/61). Let m = p + -55. What is the remainder when m is divided by 5?
1
Suppose -87*k - 3*x + 744 = -84*k, 3*k = 5*x + 728. Calculate the remainder when k is divided by 84.
78
Let f(r) = r**2 + 47. Suppose 47*k = 412 + 340. Suppose -4 = -2*t - 5*n - 0, -t + n + k = 0. What is the remainder when f(0) is divided by t?
11
Let g(u) = -105*u - 1. Suppose -415*l + 450 = -406*l. Calculate the remainder when g(-1) is divided by l.
4
Suppose -5*o = 5*g - 45, 4*g - 241 = 6*o - 235. What is the remainder when 1428 is divided by g?
0
Let d be (2/(8/(-61)))/(15/(-60)). Let i = d - 57. Suppose 29 = 5*y + r, -y + 2*r = 2*y - 7. Calculate the remainder when y is divided by i.
1
Let f = 14 - 2. Let x(k) = -2*k**2 + 58*k - 365. Calculate the remainder when x(10) is divided by f.
3
Let d(j) = -5*j + 4. Let q be d(6). Let p = -16 - q. Suppose 2*u - 33 = -l, -5*l + 7*u + 147 = 11*u. What is the remainder when l is divided by p?
7
Let h(z) = z**2 - 14*z + 2. Let s be h(14). Suppose p - 10 = -s*f, -3*f = 3*p - 21 - 9. What is the remainder when 38 is divided by p?
8
Let x(r) = -8*r + 21